= -4 - u. What is the units digit of t?
5
Let j(y) = 4*y + y + 2*y - 4*y + 5. What is the tens digit of j(5)?
2
Let k be (-2)/(-3)*(-18)/(-4). Suppose -2*r - 40 = -k*r. What is the units digit of r?
0
Suppose f - 21 = 3*j, -2*f + 36 = j - 6. Suppose 0*x + 16 = -4*z - 2*x, 5*z + 3*x = -f. What is the units digit of 11 + 0/(3/z)?
1
Let b = 1 + 4. Suppose 0 = 2*n - b - 7. Suppose n*h - 3*h = 12. What is the units digit of h?
4
Suppose -6*t + 438 = -558. What is the units digit of t?
6
Let x(b) = 137*b**2 - 3*b + 1. What is the tens digit of x(1)?
3
Let z(n) = -n**2 + 12*n. What is the tens digit of z(9)?
2
Suppose 4*n + 11 + 1 = -4*h, -3*h = -3*n - 9. Let q be n/(-2 + (-25)/(-14)). Let t = q - 7. What is the units digit of t?
7
Suppose -5*w + 30 = -3*w. Suppose -3 = 4*f - w. What is the units digit of (-1)/2*(f + -5)?
1
Suppose 0 = -5*a + 64 + 26. What is the units digit of (-2)/(-8)*2*a?
9
Suppose -3*w + h = -4, w + 0*h - 6 = -2*h. Let m be 1/w*-1*-18. Let c = m + -5. What is the units digit of c?
4
Suppose 0*u = 4*u + 12. Let q(x) = x**3 + 5*x**2 + 5*x + 2. What is the units digit of q(u)?
5
Let k = 11 - 7. Let h be ((-14)/k)/(6/(-36)). Suppose -h = -3*l + 18. What is the units digit of l?
3
Let i = -7 - -11. Suppose 23 + 65 = i*n. What is the tens digit of n?
2
Let d(m) = 2*m**2 - 1. Suppose -3*v + 8*v + 5 = 0. Let r = v - -3. What is the units digit of d(r)?
7
Suppose -1 + 61 = -4*y. Let n = -9 - y. Suppose n + 0 = b. What is the units digit of b?
6
Let j(x) = -x**2 + 3. Let b be j(3). Let s = b + 11. Suppose -s*i + 10 = -2*l, -2 - 7 = 4*i - 5*l. What is the units digit of i?
4
Let a(s) = 3*s**2 - 5*s - 7. Let b be a(6). Suppose -2*v - 21 = -y, 2*v + b = y + 2*y. What is the units digit of y?
5
Suppose 5*j - 26 + 6 = 0. Suppose 0 = 3*c - 8*c. Suppose j*y - w - 24 = -c*w, 40 = 4*y + 3*w. What is the units digit of y?
7
Suppose 3*k - 54 = 3*m, 6*k + 3*m = 4*k + 21. What is the tens digit of k?
1
What is the tens digit of 123/39 + -3 - (-2960)/26?
1
Let m(c) = -2*c - 8. Let q be m(-7). Let g = q + -11. Let x = 9 + g. What is the units digit of x?
4
Let z be 6*5/(30/4). Suppose -z*k - 60 = k. Let b = k - -31. What is the units digit of b?
9
Let f = 8 - 14. Let v = -3 - f. What is the units digit of v?
3
Let w(f) = f**3 - 3*f**2 - f - 1. Suppose -5*d = -3*g - 20, 0*g - 3*g + 8 = 2*d. What is the units digit of w(d)?
1
Let x = -27 - -40. What is the tens digit of x?
1
Suppose 2*m + 5*s = -10, -4*s = -2*m + 4*m + 6. Suppose -p + m*p = 8. Suppose 13 = -p*d + n + 33, -n = -5*d + 44. What is the units digit of d?
8
Suppose -2*n - n + 186 = 0. What is the tens digit of n?
6
Let u(p) = p**3 - 7*p**2 + p - 5. Suppose 0 = 3*x - 3*d - 30, -x - 4*d - d - 20 = 0. Suppose 3*q - 26 = -x*j, 0 = q + 2 + 1. What is the units digit of u(j)?
2
Suppose 0 = 4*x + 1 + 3. Let h = x + 6. Suppose -2*q - 7 - 10 = -h*f, -3*f + 12 = -3*q. What is the units digit of f?
3
What is the units digit of (-30742)/(-171) - (-2)/9?
0
Let w(o) = 8*o**2 + 2*o. Let j be w(-2). Let u = j + -14. Let r = -6 + u. What is the units digit of r?
8
Suppose -4 = x, -5*g + g = 3*x + 8. Let v(w) be the second derivative of w**5/5 + w**3/6 - w**2/2 + w. What is the units digit of v(g)?
4
Let n = 2 - 0. Suppose 2*b + n*c + 0*c + 2 = 0, -16 = 4*c. Suppose -21 = -v + 5*o, 2*v + 3*o = -0 + b. What is the units digit of v?
6
Suppose -2*w = 2*q - 2, w = -q + 5*w + 21. Suppose -3*u + 3*f + 28 + 8 = 0, q*u - f = 76. What is the tens digit of u?
1
Let o = 10 + -8. Suppose -o*l = 3*l - 10. What is the units digit of l?
2
What is the units digit of 0*2/4 - -10?
0
Suppose 5*o = f + 151, 3*f = -o + 4*f + 31. What is the tens digit of o?
3
Suppose 0 = 5*u + 3*h - 305, h = -3*u + 56 + 131. What is the tens digit of u?
6
Let v(k) = -k**3 - 8*k**2 - 8*k - 5. Suppose 2*s + 21 = -s. What is the units digit of v(s)?
2
What is the units digit of (11 - 5)*10/3?
0
Let h(c) = -c**2 + 19*c + 1. What is the units digit of h(13)?
9
Let r be (-2)/5 - 46/10. Let d(h) = 0*h**2 + 1 + h**2 + 2*h + 2*h - 2. What is the units digit of d(r)?
4
Suppose -7*q - 92 + 281 = 0. What is the units digit of q?
7
Let v be (0 + 0)/(-4 - -2). Suppose 3*f = -0*c + 3*c, v = 2*f - c - 2. What is the units digit of (-2)/3*(-3)/f?
1
Suppose -2*q = 2*q - 8. Let t = -2 + q. Suppose -4 + t = -4*c. What is the units digit of c?
1
Suppose -5*o + 12 = 2. What is the units digit of o?
2
Let m = 506 + -288. What is the tens digit of m?
1
Let t(u) = 5*u - 5. Let j be t(-7). Let y = -23 - j. What is the units digit of y?
7
What is the units digit of 20*1*3/6?
0
Let l(w) = -w**2 + 11*w - 6. What is the units digit of l(8)?
8
Let d = 4 + -7. Suppose 0*t = -2*t. What is the units digit of (t - 3/9)*d?
1
Let h(r) be the first derivative of r**2/2 + 9*r - 3. Suppose 2*w = -3*s - 8, 0*w - 12 = 4*s + 2*w. What is the units digit of h(s)?
5
Let u(h) = -h**3 + h**2 + 2*h. Let p be u(2). Suppose 2*i = -p*i + 8. What is the units digit of (90/(-25))/(i/(-10))?
9
Let c(t) = -t**3 + 7*t**2 + 10*t - 10. Let b be (20/(-25))/((-1)/10). What is the units digit of c(b)?
6
Suppose -s - 4 = -2*s. Suppose -4*k + 3*f + 38 = 12, 16 = 3*k - s*f. Suppose k = h - 0*h. What is the units digit of h?
8
Suppose 4*d - 4 - 28 = 0. Let w = -6 + d. Suppose -w*c - 2*x + 12 = -6*x, 0 = c + 4*x + 6. What is the units digit of c?
2
Suppose -73 = -s + 78. What is the tens digit of s?
5
Suppose 0 = -3*i - 3, -4*i = -z - 3*i + 19. Let t = z + 2. What is the tens digit of t?
2
Suppose 0 = 4*p - 0*p - 8. Let l = 8 - p. What is the units digit of l?
6
Suppose -2*y + 4*y = -5*f + 225, f - 57 = 2*y. What is the units digit of f?
7
Suppose 3*y - 91 - 32 = 0. What is the units digit of y?
1
Suppose 0*c - 49 = -c + 2*l, -l + 123 = 2*c. Suppose -4*q - 19 = -c. Suppose -2*i = -q - 2. What is the units digit of i?
6
Let q = 36 - 67. Let r = -17 - q. What is the tens digit of r?
1
Let q(g) = 7*g + 23. What is the hundreds digit of q(19)?
1
Suppose 0 = 2*c - 4*c + 114. Suppose v + v - 5*n = 12, -5*v - n + c = 0. What is the tens digit of v?
1
Let r(h) = 3*h**2 - 9*h + 16. Let v(q) = -2*q**2 + 6*q - 11. Let i(m) = 5*r(m) + 7*v(m). What is the units digit of i(5)?
3
Let b = 0 - 24. Let a = -12 - b. What is the units digit of a?
2
Let y be 2 - (-2 + (-8)/(-2)). Let n(x) = x + 21. What is the units digit of n(y)?
1
Suppose 5*c + 22 + 3 = 3*a, 3*a = 15. What is the units digit of c*(0 + (-4)/2)?
4
Let h = 21 + -14. Suppose 24 = 4*v - 3*d - h, 0 = -d + 3. What is the tens digit of v?
1
Let z(i) = 2*i**3 - 3*i**2 - 7*i - 4. Suppose 0 = -5*h - 7 + 2. Let u(f) = -f**3 - f**2. Let t(l) = h*z(l) - 3*u(l). What is the units digit of t(-4)?
8
Suppose 2*s - s - 148 = 0. What is the hundreds digit of s?
1
Let u(k) = 17*k**2 + 2. What is the units digit of u(2)?
0
What is the tens digit of 1/(-4 - (-3140)/784)?
9
Suppose 0 = -p + 1 + 6. Suppose 6 = 4*r - p*r. Let x = 4 + r. What is the units digit of x?
2
Let x(r) = -r**3 + 7*r**2 - 4*r - 7. Let c be x(6). Suppose -n - 106 = -c*d + 44, 2*n + 150 = 5*d. What is the units digit of d?
0
Let o(n) = -n**2 + 7*n + 1. Let z be o(5). Suppose 12 = -3*s, g - 2*s - z = -s. What is the units digit of g + -2 + (1 - 3)?
3
Let n(k) = -2*k - 3 + k + 1. Let x be ((-36)/(-8))/((-6)/8). What is the units digit of n(x)?
4
Let d(b) = -4*b + 7. Let j = 5 - 12. What is the units digit of d(j)?
5
Let u = -4 + 3. Let a = u + 3. What is the units digit of a?
2
Let d(c) = -3*c - 14. Let r be d(-6). Suppose -5*y = 6*h - r*h - 70, h = 0. What is the tens digit of y?
1
Let q = 13 - -1. What is the tens digit of q?
1
Suppose r + 0*r - 34 = 0. Suppose 4*c - r = 5*t + 15, -45 = -5*c + 3*t. What is the units digit of c?
6
Let a(r) = -r + 7. Let t be a(6). Suppose d = -3*y + 1, d + 2*y = -3*y + t. What is the units digit of ((-4)/(-3) - d)*3?
1
Suppose 0 = -4*c + 4*u + 120, 2*u + 90 = 3*c - 2*u. What is the tens digit of c?
3
Let z(u) = -u**2 - 2*u - 1. Let n be z(-1). Let b be n*(-3)/6 - -10. Let k = b - 3. What is the units digit of k?
7
Suppose -x = 2*v - 9, 3*x - 9 = v - 3. Suppose v = -0*o + o. What is the units digit of o?
3
Suppose 0 = -y + 2, 5*y - 2 + 26 = 2*c. What is the units digit of c?
7
Suppose -11 = -3*p + 19. Let k(o) = -3*o**3 + o**2 + o. Let w be k(-1). Suppose w = -q + p. What is the unit